hen 10907 is divided by 3624.
35
What is the remainder when 253571 is divided by 452?
451
Calculate the remainder when 1834 is divided by 377.
326
What is the remainder when 2323 is divided by 2144?
179
Calculate the remainder when 7800 is divided by 16.
8
What is the remainder when 894953 is divided by 37?
34
Calculate the remainder when 48839 is divided by 74.
73
What is the remainder when 546501 is divided by 42?
39
What is the remainder when 3123 is divided by 995?
138
Calculate the remainder when 1228289 is divided by 123.
11
What is the remainder when 8251 is divided by 13?
9
Calculate the remainder when 61972 is divided by 248.
220
Calculate the remainder when 9776 is divided by 167.
90
Calculate the remainder when 250431 is divided by 86.
85
Calculate the remainder when 16618 is divided by 16616.
2
Calculate the remainder when 4198 is divided by 37.
17
Calculate the remainder when 17706 is divided by 10.
6
Calculate the remainder when 13533 is divided by 398.
1
Calculate the remainder when 407715 is divided by 10729.
13
Calculate the remainder when 10358 is divided by 26.
10
What is the remainder when 594 is divided by 336?
258
What is the remainder when 313216 is divided by 64?
0
What is the remainder when 10505 is divided by 276?
17
Calculate the remainder when 38898 is divided by 284.
274
Calculate the remainder when 1594 is divided by 89.
81
Calculate the remainder when 1009969 is divided by 5.
4
Calculate the remainder when 870598 is divided by 100.
98
What is the remainder when 1083 is divided by 100?
83
What is the remainder when 11144 is divided by 138?
104
Calculate the remainder when 54539 is divided by 142.
11
Calculate the remainder when 58398 is divided by 562.
512
Calculate the remainder when 3133 is divided by 2679.
454
What is the remainder when 8113 is divided by 1609?
68
Calculate the remainder when 42162 is divided by 71.
59
What is the remainder when 21932 is divided by 70?
22
Calculate the remainder when 686733 is divided by 1004.
1001
What is the remainder when 12002 is divided by 19?
13
What is the remainder when 5492 is divided by 1826?
14
What is the remainder when 547027 is divided by 526?
513
What is the remainder when 1095 is divided by 186?
165
Calculate the remainder when 5234 is divided by 5.
4
Calculate the remainder when 40060 is divided by 86.
70
What is the remainder when 149737 is divided by 9?
4
What is the remainder when 1320 is divided by 1090?
230
What is the remainder when 10802 is divided by 62?
14
What is the remainder when 993005 is divided by 777?
776
Calculate the remainder when 118801 is divided by 563.
8
Calculate the remainder when 327641 is divided by 42.
41
What is the remainder when 199 is divided by 140?
59
Calculate the remainder when 1906 is divided by 145.
21
Calculate the remainder when 657262 is divided by 4.
2
Calculate the remainder when 28859 is divided by 1266.
1007
Calculate the remainder when 77858 is divided by 643.
55
What is the remainder when 529 is divided by 243?
43
Calculate the remainder when 114905 is divided by 288.
281
Calculate the remainder when 34679 is divided by 81.
11
Calculate the remainder when 7202 is divided by 795.
47
What is the remainder when 7525 is divided by 1880?
5
What is the remainder when 5630 is divided by 1360?
190
What is the remainder when 60103 is divided by 113?
100
Calculate the remainder when 27940 is divided by 13882.
176
Calculate the remainder when 18426 is divided by 382.
90
Calculate the remainder when 550831 is divided by 2135.
1
Calculate the remainder when 91878 is divided by 813.
9
What is the remainder when 122441 is divided by 45?
41
What is the remainder when 57741 is divided by 4800?
141
Calculate the remainder when 710857 is divided by 633.
631
What is the remainder when 26296 is divided by 248?
8
Calculate the remainder when 2695 is divided by 596.
311
Calculate the remainder when 533180 is divided by 16.
12
Calculate the remainder when 23751 is divided by 5937.
3
Calculate the remainder when 64600 is divided by 1095.
1090
Calculate the remainder when 308819 is divided by 5.
4
What is the remainder when 2006 is divided by 277?
67
Calculate the remainder when 37859 is divided by 11.
8
What is the remainder when 1838668 is divided by 682?
678
Calculate the remainder when 147149 is divided by 45.
44
What is the remainder when 71175 is divided by 124?
123
What is the remainder when 2369 is divided by 591?
5
Calculate the remainder when 11222 is divided by 23.
21
What is the remainder when 2197717 is divided by 277?
276
What is the remainder when 1243628 is divided by 926?
10
What is the remainder when 130110 is divided by 13010?
10
What is the remainder when 25782 is divided by 12471?
840
What is the remainder when 40182 is divided by 5?
2
Calculate the remainder when 321743 is divided by 650.
643
What is the remainder when 13417 is divided by 6705?
7
What is the remainder when 595754 is divided by 66194?
8
What is the remainder when 294219 is divided by 470?
469
What is the remainder when 1830 is divided by 317?
245
What is the remainder when 3946 is divided by 248?
226
Calculate the remainder when 10674 is divided by 237.
9
Calculate the remainder when 67812 is divided by 360.
132
Calculate the remainder when 154537 is divided by 10.
7
What is the remainder when 2458 is divided by 2441?
17
What is the remainder when 5533 is divided by 610?
43
What is the remainder when 4374 is divided by 104?
6
What is the remainder when 81104 is divided by 26?
10
Calculate the remainder when 573029 is divided by 95504.
5
Calculate the remainder when 20230 is divided by 138.
82
What is the remainder when 57567 is divided by 7194?
15
What is the remainder when 8236 is divided by 14?
4
Calculate the remainder when 408248 is divided by 53.
42
Calculate the remainder when 100599 is divided by 16759.
45
Calculate the remainder when 726976 is divided by 373.
372
Calculate the remainder when 4724 is divided by 4580.
144
Calculate the remainder when 6012 is divided by 62.
60
Calculate the remainder when 27059 is divided by 877.
749
What is the remainder when 3753 is divided by 213?
132
Calculate the remainder when 2395 is divided by 219.
205
Calculate the remainder when 43767 is divided by 21.
3
What is the remainder when 59247 is divided by 161?
160
Calculate the remainder when 18965 is divided by 70.
65
Calculate the remainder when 7958378 is divided by 263.
261
What is the remainder when 1343 is divided by 112?
111
What is the remainder when 49300 is divided by 33?
31
What is the remainder when 1383 is divided by 105?
18
Calculate the remainder when 73631 is divided by 14725.
6
What is the remainder when 59738 is divided by 11941?
33
What is the remainder when 571625 is divided by 125?
0
What is the remainder when 485706 is divided by 62?
60
What is the remainder when 297110 is divided by 32?
22
Calculate the remainder when 146279 is divided by 37.
18
Calculate the remainder when 4929 is divided by 184.
145
Calculate the remainder when 820901 is divided by 428.
425
Calculate the remainder when 25694 is divided by 858.
812
Calculate the remainder when 16657 is divided by 304.
241
Calculate the remainder when 58517 is divided by 4175.
67
Calculate the remainder when 1621742 is divided by 238.
10
Calculate the remainder when 5842 is divided by 1906.
124
Calculate the remainder when 47467 is divided by 110.
57
What is the remainder when 4701 is divided by 37?
2
What is the remainder when 122077 is divided by 32?
29
Calculate the remainder when 17485 is divided by 1161.
70
Calculate the remainder when 479212 is divided by 1948.
4
Calculate the remainder when 39461 is divided by 214.
85
What is the remainder when 95576 is divided by 135?
131
What is the remainder when 6532 is divided by 1302?
22
Calculate the remainder when 5360 is divided by 299.
277
What is the remainder when 56332 is divided by 545?
197
What is the remainder when 531792 is divided by 27?
0
Calculate the remainder when 32576 is divided by 8144.
0
What is the remainder when 53583 is divided by 16?
15
Calculate the remainder when 79467 is divided by 93.
45
Calculate the remainder when 13476 is divided by 1338.
96
What is the remainder when 110236 is divided by 84?
28
What is th